What is the tens digit of j(7)?
0
Let s = -439 - -441. Suppose -s*b = 2*o - 648, 0 = -8*o + 3*o + b + 1650. What is the units digit of o?
9
Let j(s) = 14*s**3 + 32*s**2 + 3*s - 105. Let b(y) = 3*y**3 + 8*y**2 + y - 26. Let o(d) = 9*b(d) - 2*j(d). What is the tens digit of o(6)?
6
Let j(o) = 8*o - 8 - 4*o - o + 0*o. Let n(v) = -3*v + 7. Let g(q) = -6*j(q) - 4*n(q). What is the tens digit of g(-8)?
6
Let o(g) = -53*g**3 - 2*g**2 + 37*g + 212. What is the tens digit of o(-8)?
2
Suppose 1499625 = -163*d + 256*d. What is the thousands digit of d?
6
What is the tens digit of (402/268)/(2 + (-11485)/5744)?
7
Let z be 4 - 421*(-4 + 3 + -3). Suppose 5*b - z - 1662 = 0. What is the tens digit of b?
7
Let m = 448 - 457. What is the units digit of ((-3)/m)/(8 - 53180/6648)?
4
Let f be (-138)/3*(2 - 1). Let q be 8/56 - 26562/(-266). Let g = q - f. What is the hundreds digit of g?
1
What is the tens digit of (-377)/58*(-11896 + -14)?
1
What is the units digit of -1 + 0 + 3140 - (-28 - (-20 - 10))?
7
Let z(r) be the third derivative of -r**5/60 - 17*r**4/8 + 59*r**3/6 + 10*r**2 - 2*r. What is the hundreds digit of z(-43)?
4
Let p = 38 - 33. Suppose -4*q + 2365 = 2*k + 825, -p*k + q = -3883. What is the hundreds digit of k?
7
Suppose 4*l - 2*f = 20686, -l + 5*f - 717 = -5902. What is the thousands digit of l?
5
Let f(i) = -i**2 + 40*i + 89. Let s be f(30). Let b = s - -453. What is the units digit of b?
2
Let w(c) = -c**3 - 16*c**2 + 17*c + 6. Let j be w(-17). Suppose 5 = j*p - p. What is the units digit of (p - 10/15)*93?
1
Let t = -34 + 38. Suppose 60 = 5*p - t*b - 16, -p = b - 17. What is the tens digit of (1 + p/(-20))*4*60?
4
Let s be ((-28)/8)/(4/8). Let z(x) = -3*x**2 - 9 + 2*x**2 - 10*x + 0*x. What is the units digit of z(s)?
2
Suppose 657 = 4*t - 13*t. Let l = -13 - t. Suppose h - l = 4*v - 361, 0 = 2*h - 6. What is the tens digit of v?
7
Let f(s) = s**3 - 20*s**2 + 29*s - 23. Let j be f(24). Suppose -2234 = -9*n + j. What is the tens digit of n?
7
Let p = -3094 - -12960. What is the tens digit of p?
6
Suppose -13 = 3*i + 4*q, i + 2*i + 4 = 5*q. Let v be (-6)/i - -2*1. Suppose 290 = v*k + 6. What is the units digit of k?
1
What is the hundreds digit of (-41)/((-656)/(-56))*1164/(-7)?
5
Let a(d) = d**3 + 9*d**2 + 15*d + 9. Let f be a(-7). Suppose r + 94 = -h, 5*h + 92 = -r + f*h. Let p = r + 217. What is the tens digit of p?
2
Let u(b) = 18*b**3 - b**2 + b. Let f be u(1). Suppose 4 = -r + 5*i + 1, -4*i + 8 = 2*r. Let q = f - r. What is the tens digit of q?
1
Suppose -3*w = 5*l - 13704, 5*w - 5*l - 7125 = 15755. What is the hundreds digit of w?
5
Let k = 19244 - 12997. What is the thousands digit of k?
6
Suppose -105 = 2*v - 491. Let t = v - -269. What is the tens digit of t?
6
Let d be -4 + (0 - -7) - (2 + -1). What is the hundreds digit of 1027 - (d/8)/((-36)/(-720))?
0
What is the tens digit of 10*74/30*3684/8?
5
What is the hundreds digit of -4 + (-72693)/(-15) + 2 - (-10)/(-50)?
8
What is the thousands digit of 18 - 91/((-91)/70884)?
0
Let q be ((-15)/10)/((-2 + -1)/(-12)). What is the units digit of 1269/3 - 3/9*q?
5
Suppose -17934 = -35*d + 29876. Suppose -g + 2*g - 4*f = d, -4*g = -3*f - 5529. What is the tens digit of g?
8
Let l = 28169 - 6196. What is the ten thousands digit of l?
2
Suppose 18*k = 63131 - 36446 + 43173. What is the units digit of k?
1
Let w = 13115 - 608. What is the thousands digit of w?
2
Let k be 11 - (0 + 2 + -1). Let y(c) = 2*c**3 + 11*c**2 - 6*c + 148. Let f be y(-7). Suppose 0 = 3*q - f + k. What is the tens digit of q?
1
Let z(q) = 14*q**2 + 111*q + 4253. What is the hundreds digit of z(-61)?
5
Let v = 66232 + -42448. What is the tens digit of v?
8
Suppose -77*r - 5772 = -83*r. Let j = -471 + r. What is the units digit of j?
1
Suppose -74*p + 484663 = -337033. What is the hundreds digit of p?
1
Suppose -71*y + 3582734 + 798392 = 0. What is the thousands digit of y?
1
Suppose 4*g = 12, -5*g = s - 4 - 22. Suppose 6*c - s*c - 5 = 0. What is the tens digit of ((-2)/(-16)*-82)/(c/4)?
4
Let c(i) = 14*i**2 - 10*i + 90. Let t be c(6). Suppose l = 320 + t. What is the tens digit of l?
5
Let p(z) = -83*z - 392. Let x(g) = 124*g + 589. Let l(b) = 8*p(b) + 5*x(b). What is the hundreds digit of l(-23)?
8
Let v be (2 + 7)/(-1)*(15 - 0). What is the units digit of (-6064)/(-9) - 30/v?
4
Suppose 0 = 2*f + g - 22, -2*f + 38 = 4*g + g. Let m = f - -215. What is the hundreds digit of m?
2
Let x = -326 - -320. What is the tens digit of 1*3/(-1) + x + 435?
2
Let k(p) = p**2 + 12*p + 24. Let x be k(-13). Let u = 219 - x. What is the hundreds digit of u?
1
Suppose -24740 = -12*p + 35548. Suppose -5*j + 7*j = 3*v - p, -4*j + 8344 = 5*v. Suppose v = 22*l - 14*l. What is the tens digit of l?
0
What is the hundreds digit of (98/28 + -5)*(-27682)/3?
8
Let d = 176322 + -123019. What is the thousands digit of d?
3
Suppose -4*j = -g - 128, -g - 3*j - 112 = j. Let q(l) = l**2 + 15*l - 23. Let f be q(-13). Let s = f - g. What is the tens digit of s?
7
Let r(h) = -4*h**3 - 12*h**2 - 15*h + 25. Let i be r(-9). Let k = i - 1351. What is the hundreds digit of k?
7
Suppose -a + 17 = 4*z, 8*z - 12*z + 3*a - 3 = 0. Suppose 569 = z*d - 439. What is the hundreds digit of d?
3
Let m be 2439/4 + 8/32. Suppose 2*r = 34 + m. What is the tens digit of r?
2
Let c(o) = 2880*o**2 - 32*o + 57. What is the hundreds digit of c(2)?
5
Suppose -j - 5*x + 8 = -5, 2*j + 4*x - 20 = 0. Suppose -j = 10*n - 3898. What is the tens digit of n?
8
Suppose 0 = 4*q + 4*o - 36, -5*q + 4*q + 13 = 2*o. Let p = 6 - q. What is the units digit of (420/(-5))/(-2) - p?
1
Suppose 5*x = 3*z - 5*z + 51, 3*z - 49 = -5*x. Suppose -x*o = -14*o. Suppose -3*l + 8*l - 215 = o. What is the tens digit of l?
4
What is the units digit of (-604)/(-3) - (-460)/(-345)?
0
Let s(m) = 43*m**2 - 32*m + 189. What is the tens digit of s(6)?
4
Let s(q) = 2*q**2 + 29*q - 26. Suppose 55 = -3*t - 4*u, 4*t + 39 = -5*u - 34. What is the units digit of s(t)?
9
Let f(n) = 370*n**2 + 93*n - 309. What is the units digit of f(5)?
6
Suppose k + 0*k = -3*o - 31, -k + 24 = -2*o. Let p be (-2 - -1)*(o + 1). Let i(q) = q**3 - 9*q**2 + q - 15. What is the tens digit of i(p)?
9
Let s = 51070 - 28821. What is the thousands digit of s?
2
Suppose 0 = 4*v + 3242*o - 3239*o - 178376, 3*o - 89182 = -2*v. What is the thousands digit of v?
4
Suppose -446 = -j - r + 120, -5*j + 2850 = -5*r. Let x(v) = 3 + j*v**2 - 550*v**2 + 8*v - 3*v + 5*v. What is the units digit of x(-3)?
5
What is the tens digit of (42634/22)/(191/2101)?
1
Suppose -876 + 348 = -4*b. Suppose -b - 692 = -8*y. Suppose -3*k + y = 4*n - 2*n, 4*n - 136 = -4*k. What is the units digit of k?
5
Let t be -1 - ((124 - 2) + -3). Let l be (-2 - 10/(-4))/(2/t). Let u = 83 + l. What is the units digit of u?
3
Let i(d) be the first derivative of 37*d**3 - 3*d**2 + 8*d + 102. What is the units digit of i(2)?
0
Let c be (28/16)/(2/(-24)). Let s be (-6)/c - 719/7*-1. Suppose 10*h - 9*h = s. What is the tens digit of h?
0
Suppose 4*l + 3*a = 17, 2*a = -4*l + 27 - 9. Suppose -2*i + 10 = -4*o, -5*o + 55 = l*i - 3*i. Suppose -i*u = -10*u - 895. What is the hundreds digit of u?
1
What is the units digit of (75230 - -173) + -1*5 + 0?
8
Let v = 11218 + -3420. What is the hundreds digit of v?
7
Suppose l - 98 = -52. Let z be (-74)/(-8) - (5 - l/8). Suppose 2*a + z*a - 1080 = 0. What is the tens digit of a?
9
Suppose 4*c = -4, -3*j + 1562 + 2574 = c. Suppose -f - 29 = -s - 4*f, -12 = 3*f. Suppose s*x - j = 34*x. What is the hundreds digit of x?
1
Let m = 1485 - 2304. Let s = m - -1235. Suppose 508 + 526 = 5*c - 4*h, 0 = 2*c - h - s. What is the units digit of c?
0
Suppose -43*x - 6*g + 2061 = -40*x, -2*x + 5*g + 1374 = 0. What is the units digit of x?
7
Suppose -3*r + 7*r - 19250 = 5*q, -r = 2*q - 4806. What is the tens digit of r?
1
Let b = 4269 - -5352. What is the tens digit of b?
2
Suppose -5*b = 4*w - 30456, -2*b - 3*w = -5*b + 18252. What is the thousands digit of b?
6
Suppose -2375*s = -2379*s + 77580. What is the thousands digit of s?
9
Suppose 25 = 3*h - 8*h. Let w(u) = u**3 + 6*u**2 - 13*u + 3. Let m be w(h). What is the units digit of m/33 + -3 + (-123)/(-11)?
1
Let n(f) = f**3 - 11*f**2 + 30*f - 54. What is the units digit of n(14)?
4
Let p(m) = 13*m**2 + 7 - 7*m - 20*m**2 + 11*m*